9*r + 1. Let s(t) = -3*t**3 + 3*t**2 - 4*t. Let p(y) = -2*h(y) + 5*s(y). Calculate p(2).
-2
Let o = 40 - 34. Let h(k) = -k**3 + 7*k**2 - 6*k - 3. Determine h(o).
-3
Let b(a) be the first derivative of a**4/4 + 4*a**3/3 + 3*a**2/2 + 1. Let i be -1*1/(-1)*-1. Let f be 5*(i - 4/(-10)). Calculate b(f).
0
Let r(p) = -p**3 - 6*p**2 - 6*p. Let k be r(-5). Let z(w) = -4 + 36*w + 2*w**3 - 35*w - 5*w**2 - w**3. Calculate z(k).
1
Let f(t) = -t**2 - t + 1. Let x(b) = -3*b**2 - 3*b + 4. Let c(n) = 2*f(n) - x(n). Determine c(0).
-2
Let a(v) = 3*v + 6. Let g(j) = -4*j - 6. Let q(x) = 5*a(x) + 4*g(x). What is q(7)?
-1
Let g(x) = -x**3 + 3*x**2 - 2 + 5 + 1 - 5. Give g(1).
1
Let w(c) be the second derivative of 0 - 1/12*c**4 + 1/20*c**5 + c**2 + 3*c - 5/6*c**3. Suppose -13 = 4*s - 5*a, -5*a = -s - 5 - 17. Give w(s).
5
Let w(i) = -i + 4. Let o be w(0). Let y = o + -3. Let c be -8*y/(-2 + 0). Let x(a) = -a - 1. Give x(c).
-5
Let b(k) = -3*k**2 + 12*k + 8. Let u(n) = 5*n**2 - 18*n - 12. Let y(t) = -8*b(t) - 5*u(t). Let c = 3 + -3. Suppose -13 = 4*w - g + 2*g, 5*g - 15 = c. Give y(w).
4
Let t = -4 - -8. Let u(a) = 7*a**3 - 10*a**2 + 15*a - 1. Let p(c) = 11*c**3 - 15*c**2 + 23*c - 2. Let g(k) = -5*p(k) + 8*u(k). Determine g(t).
6
Suppose 0 = m + 14 - 16. Let u(k) be the first derivative of 6*k + 1 + 1/2*k**m. Calculate u(-5).
1
Suppose -3*q - 3*u + 4 = -8, 4*u - 8 = 0. Let t(b) = b**3 + 5 + 3*b**2 + 4*b**2 - b**q. Calculate t(-6).
5
Let u(d) = 2*d - 2 + 0 - 5. Suppose 0 = -0*c - c + 5. Give u(c).
3
Let h(f) = -3*f - 1 + 5*f**3 + 5*f - f + 0*f. Let v be -3 + (-5)/((-15)/12). Determine h(v).
5
Let j(k) = -k**3 - 13*k**2 - 12*k + 1. Let g be j(-12). Let i(b) = 4*b**3 + 2*b**2 - 2*b + 1. Calculate i(g).
5
Let p(m) be the second derivative of -m**3/6 - 3*m**2/2 + 2*m. Suppose -3*c + 8*c = -4*r - 35, 2*c - 3*r = 9. Calculate p(c).
0
Let c(a) = 7*a - 2. Let m(n) = -85*n + 25. Let g(w) = -25*c(w) - 2*m(w). Suppose 13 = 3*x + 4. Determine g(x).
-15
Let d = 2 - 0. Let k be (6/2)/(d + -3). Let l(c) be the first derivative of c**4/4 + c**3 + 3*c - 4. What is l(k)?
3
Let w(z) = 7*z + 5. Let n(b) = -3*b - 2. Let u(d) = -5*n(d) - 2*w(d). Calculate u(1).
1
Suppose 0 = 5*z - 10 - 10. Suppose -5*d + 19 = -2*i, 2*d - d + z = 3*i. Let p(t) = -3*t**3 + 2*t**i - 3 - 3*t**2 + 2*t**3 - 4*t. Give p(4).
-3
Let i(s) = 2*s**2 + s - 1. Let t be (-33)/(-39) - (2 - 28/13). Determine i(t).
2
Let k(o) = -o**2 + 5*o + 6. Let i = 11 - 5. What is k(i)?
0
Let p(b) be the second derivative of 0*b**2 - 1/12*b**4 + 0 - 4*b + 1/120*b**5 - 1/6*b**3. Let d(z) be the second derivative of p(z). Give d(-6).
-8
Let y(t) = -17*t - 12. Let g(x) = 4*x + 3. Let u(p) = -26*g(p) - 6*y(p). What is u(6)?
-18
Let a(c) = 2*c - 6. Let u be a(4). Let l(i) = 6 + 1 - 4 + i**2 - u*i. Let g(n) = 3*n - 1. Let f be g(1). Give l(f).
3
Let n(v) be the first derivative of 5*v**2/2 + 2*v - 2. Suppose -u - 3 - 3 = 4*l, u + 2*l + 4 = 0. Give n(u).
-8
Suppose -3*w + 3*g + 13 = 1, -4*w = 2*g + 2. Let y(o) be the first derivative of -2*o + 1/4*o**4 - 1/2*o**2 + w - 4/3*o**3. Calculate y(4).
-6
Let d(u) = u**3 - u**2 - 2*u - 1. Let t = 0 - -10. Suppose 4*p + 4*r - 8 = -r, -2*r = 5*p - t. What is d(p)?
-1
Let o(f) = -3*f + 11. Let r be o(5). Let s(v) = 2*v + 11. Let n(a) = 3*a + 12. Let p(x) = r*s(x) + 3*n(x). What is p(0)?
-8
Let d = -7 + 13. Let k(v) = d*v - 4*v + 0*v - 1 - 3*v. Suppose 3*g - 7*q - 15 = -2*q, -g - 3*q - 9 = 0. Determine k(g).
-1
Suppose 0 = -0*t - 3*t + 6. Let r(u) = u**2 - 5 + t - 2 + 2 + u. Suppose 1 - 16 = 5*z. Give r(z).
3
Let k(z) = 2*z - 1. Let c be k(-1). Let r be -1 + (-2)/c*3. Let i(g) = 2*g**2 + 6*g**2 - 1 - 2*g**2 + 2*g. Give i(r).
7
Let r(n) = n**2 + n - 4. Let g be -3 - 7 - (3 + -1). Let q(x) = -x - 15. Let v be q(g). Determine r(v).
2
Let m(s) = 2*s + 1. Let k be m(7). Let z = 18 - k. Let l(c) = -4*c. Determine l(z).
-12
Let k be (-2)/((-4)/(-1))*0 - -1. Let p(u) = 17*u - 1. Calculate p(k).
16
Let l be 21/28 + 2/(-6). Let c(h) be the second derivative of 0 - l*h**4 + 1/20*h**5 + 2*h + 2/3*h**3 + 5/2*h**2. Give c(4).
5
Let x(a) = -3*a + 2. Let w(i) = -i. Let k(n) = 4*w(n) - 2*x(n). Let b(f) = -f**3 - 4*f**2 + 4*f - 1. Let q be b(-5). Determine k(q).
4
Let x(u) = u**3 + 6*u**2 + u - 1. Let l be x(-6). Let y = l - -10. Let i(s) = 1 + 0 - 3 - 5*s - 4*s**2 + s**y. What is i(5)?
-2
Let z(l) = l**2 + 10*l + 18. Let q be z(-7). Let n(y) = -3*y**2 - 5*y - 3. Calculate n(q).
-15
Let k = -2 + 0. Suppose 3*m + 24 = 3*w, 2*m = -11 + 1. Let c(v) = v + v + 1 + v**3 - w*v + 6*v**2 - 5*v**2. What is c(k)?
-1
Suppose 0*r - r + 2 = 0. Let n(j) = 6*j**r - 1 - j + 1. Let i(o) = o**3 + 7*o**2 - 7*o + 7. Let z be i(-8). What is n(z)?
7
Let m(b) = b**3 - 4*b**2 + b + 1. Let u be (-1)/((-1)/3) - -1. Suppose u*v = v + 12. Suppose -v*g - 5*n = -13, g + 2*n = 4 - 0. What is m(g)?
-5
Let b(j) = -5 + 4 - 5*j - 4*j**2 + 7*j**2 + j**3. Let y be (-1)/((-11)/5 + 2). Suppose -3*n - 26 = n - 2*f, 25 = y*f. Calculate b(n).
3
Let m be ((-36)/(-27))/(-2 - 10/(-6)). Let w(y) = -y - y + y + 1. Calculate w(m).
5
Suppose 4 = 2*f - 2*b, 0*b + b + 10 = 5*f. Let q(l) = -3 - 1 - f*l - 2. Determine q(-7).
8
Let l(q) = -2*q**3 - 4*q**2 - 3*q. Let i be l(-2). Let n(b) = -5*b - 7 - 12*b**3 - 5*b**2 - 6*b**3 - 13*b**3 + 32*b**3. Give n(i).
-1
Let z be -5 + (7 - 4) + -1 + 0. Suppose 3 = 3*y + 2*y - 2*m, 0 = -3*y - 3*m + 6. Let w(k) = 2*k - 5 + y + 5*k**2 - 4*k**2. Determine w(z).
-1
Let f(v) = -7*v**3 + 2*v**2 + 10*v + 1. Let b(y) = 13*y**3 - 3*y**2 - 19*y - 1. Let k(q) = -6*b(q) - 11*f(q). Give k(-5).
0
Let i = 1 - -5. Let n(u) = 5*u**2 - 6 + 0*u - u - i*u**2. Determine n(0).
-6
Suppose 0*z + 10 = -2*z + 2*b, 3*z + 18 = 4*b. Let o = z + -1. Let l(c) = 2*c + 1 - 3 + 6. Determine l(o).
-2
Let w(k) = -3*k**3 + 9*k**2 + 10*k - 13. Let x(y) = -4*y**3 + 14*y**2 + 15*y - 19. Let n(t) = 7*w(t) - 5*x(t). Determine n(-6).
-2
Let n(g) = 6*g - 3*g**2 + 4*g**2 + 1 + 2. Let s be n(-4). Let z(f) = -f**3 - f**2 + 1. Let k(t) = t**3 - t - 2. Let b(m) = -5*k(m) - 6*z(m). What is b(s)?
4
Let q(m) = m + 1 - m + 5*m + 5*m. Give q(1).
11
Let k(i) = i**2 - i. Let a(w) = -2*w**2 + 7*w + 5. Let j(g) = -a(g) - 3*k(g). Give j(-5).
-10
Let v(j) = j + 4. Suppose 0 = -d - 59 + 54. Determine v(d).
-1
Suppose v + 7 - 11 = 0. Let a = v - 9. Let o(s) be the first derivative of -s**3/3 - 2*s**2 - s - 1. Determine o(a).
-6
Let x = -201 + 198. Let z(p) = -p**2 - 3*p + 1. Calculate z(x).
1
Let s(k) be the third derivative of -k**5/60 - k**4/6 - 7*k**3/6 - 5*k**2. Let g(m) = -1. Let t(n) = -6*g(n) + s(n). Give t(-3).
2
Let w(o) = -2*o**2 - 3*o - 1. Suppose 0 = 2*n - 0 - 12. Let x be (-4)/8 - 9/n. What is w(x)?
-3
Let n = -7 + 12. Suppose l = 2*l - n. Let q(z) = -z**3 + 4*z**2 + 4*z - 2. Calculate q(l).
-7
Let t(o) = -o**2 - 2*o. Let p(y) = -2*y - 4 + 2 - 2*y**2 + 2. Let x(v) = 2*p(v) - 3*t(v). What is x(3)?
-3
Let u(y) = y**2 + 2*y. Let m(f) = 2*f - 5. Let t be m(8). Suppose -2*w - w + 5*c = -t, w + 3*c = -1. Determine u(w).
8
Let m(b) be the second derivative of b**4/12 + b**3/6 - b**2/2 + 3*b. Let g(a) = -a**3 + 3*a**2 - a + 1. Let s be g(3). Give m(s).
1
Let b(g) be the first derivative of -g**3/3 - 3*g**2/2 + g - 3. What is b(-4)?
-3
Let x(y) be the first derivative of y**4/2 - y**3 + y - 31. Determine x(2).
5
Suppose -4*d + 12 = 0, 0*g + 4*d - 12 = 5*g. Let j(q) = 2*q + 3 + g - 3*q. Let s be (-3 - 1 - -4) + 4. Determine j(s).
-1
Let n(c) = -c + 3. Let o be n(1). Suppose q + 0*q = -o. Let b(t) = -2*t**2 + 2*t + 6*t**2 - 1 + 0*t. What is b(q)?
11
Let m = 4 + 0. Let h(k) = -4*k + 2. Let y(z) = -8*z + 3. Let x(t) = -7*h(t) + 3*y(t). What is x(m)?
11
Let u(w) = w**3 + 6*w**2 + w + 3. Suppose 0 = 4*f - 3 + 27. Determine u(f).
-3
Let d(x) = 5*x**3 - 2*x**2 + 4. Let q(u) = 6*u**3 - u**2 - u + 5. Let z(g) = 5*d(g) - 4*q(g). Let b be 2*((-25)/10 + 5). What is z(b)?
-5
Let v(n) = 0 + 2*n - 2*n**2 + n**2 + 0 - 2. Give v(2).
-2
Suppose -4*p + x = 18, -3*p - 3*x - 29 = -8. Let s = 7 - 4. Let f(k) = -3 - 2 + s*k - 4*k. What is f(p)?
0
Let u(a) = -2*a - 1. Let f(z) = 4*z**2 - 2*z - 7. Let r(s) = -9*s**2 + 3*s + 15. Let p(l) = 7*f(l) + 3*r(l). Let g be p(6). Calculate u(g).
-5
Let q(o) = -1. Let n = 3 - 9. Let m be n/4 + 3/6. Let a(b) = 4*b - 3. Let y(u) = m*a(u) + 6*q(u). Give y(-2).
5
Let u(m) = -m - 3